{"id":39,"date":"2024-10-11T17:07:06","date_gmt":"2024-10-11T17:07:06","guid":{"rendered":"http:\/\/www.gimnazistai.jggimnazija.lt\/gim2\/?page_id=39"},"modified":"2024-10-11T17:07:06","modified_gmt":"2024-10-11T17:07:06","slug":"vizija","status":"publish","type":"page","link":"http:\/\/www.gimnazistai.jggimnazija.lt\/gim2\/vizija\/","title":{"rendered":"Vizija"},"content":{"rendered":"\n<p class=\"has-text-align-center has-text-color has-link-color has-large-font-size wp-elements-c3c344d930fa237fe2b904ced9decafa\" style=\"color:#268462\"><strong><mark style=\"background-color:rgba(0, 0, 0, 0);color:#1b8b46\" class=\"has-inline-color\"><em>\u201eKop\u016bstien\u0117 \u2013 tai daugiau nei sriuba. Tai skoni\u0173 harmonija, gamtos dovana, susikaupusi kiekviename \u0161auk\u0161te. Ji sujungia tradicij\u0105 ir naujoves, paprastum\u0105 ir gilum\u0105, pripildydama m\u016bs\u0173 gyvenimus ne tik maistu, bet ir prasme.\u201c<\/em><\/mark><\/strong><\/p>\n\n\n\n<figure class=\"wp-block-image size-full\"><img loading=\"lazy\" decoding=\"async\" width=\"1024\" height=\"768\" src=\"http:\/\/www.gimnazistai.jggimnazija.lt\/gim2\/wp-content\/uploads\/2024\/10\/DALL\u00b7E-2024-10-11-20.04.52-A-mystical-and-sacred-cabbage-depicted-as-The-Holy-Cabbage.-The-cabbage-is-glowing-with-a-soft-golden-light-symbolizing-its-divinity.-It-is-placed-edited.webp\" alt=\"\" class=\"wp-image-69\" srcset=\"http:\/\/www.gimnazistai.jggimnazija.lt\/gim2\/wp-content\/uploads\/2024\/10\/DALL\u00b7E-2024-10-11-20.04.52-A-mystical-and-sacred-cabbage-depicted-as-The-Holy-Cabbage.-The-cabbage-is-glowing-with-a-soft-golden-light-symbolizing-its-divinity.-It-is-placed-edited.webp 1024w, http:\/\/www.gimnazistai.jggimnazija.lt\/gim2\/wp-content\/uploads\/2024\/10\/DALL\u00b7E-2024-10-11-20.04.52-A-mystical-and-sacred-cabbage-depicted-as-The-Holy-Cabbage.-The-cabbage-is-glowing-with-a-soft-golden-light-symbolizing-its-divinity.-It-is-placed-edited-300x225.webp 300w, http:\/\/www.gimnazistai.jggimnazija.lt\/gim2\/wp-content\/uploads\/2024\/10\/DALL\u00b7E-2024-10-11-20.04.52-A-mystical-and-sacred-cabbage-depicted-as-The-Holy-Cabbage.-The-cabbage-is-glowing-with-a-soft-golden-light-symbolizing-its-divinity.-It-is-placed-edited-768x576.webp 768w\" sizes=\"(max-width: 1024px) 100vw, 1024px\" \/><\/figure>\n","protected":false},"excerpt":{"rendered":"<p>\u201eKop\u016bstien\u0117 \u2013 tai daugiau nei sriuba. Tai skoni\u0173 harmonija, gamtos dovana, susikaupusi kiekviename \u0161auk\u0161te. Ji sujungia tradicij\u0105 ir naujoves, paprastum\u0105 ir gilum\u0105, pripildydama m\u016bs\u0173 gyvenimus ne tik maistu, bet ir prasme.\u201c<\/p>\n","protected":false},"author":1,"featured_media":0,"parent":0,"menu_order":0,"comment_status":"closed","ping_status":"closed","template":"","meta":{"footnotes":""},"class_list":["post-39","page","type-page","status-publish","hentry"],"_links":{"self":[{"href":"http:\/\/www.gimnazistai.jggimnazija.lt\/gim2\/wp-json\/wp\/v2\/pages\/39"}],"collection":[{"href":"http:\/\/www.gimnazistai.jggimnazija.lt\/gim2\/wp-json\/wp\/v2\/pages"}],"about":[{"href":"http:\/\/www.gimnazistai.jggimnazija.lt\/gim2\/wp-json\/wp\/v2\/types\/page"}],"author":[{"embeddable":true,"href":"http:\/\/www.gimnazistai.jggimnazija.lt\/gim2\/wp-json\/wp\/v2\/users\/1"}],"replies":[{"embeddable":true,"href":"http:\/\/www.gimnazistai.jggimnazija.lt\/gim2\/wp-json\/wp\/v2\/comments?post=39"}],"version-history":[{"count":3,"href":"http:\/\/www.gimnazistai.jggimnazija.lt\/gim2\/wp-json\/wp\/v2\/pages\/39\/revisions"}],"predecessor-version":[{"id":70,"href":"http:\/\/www.gimnazistai.jggimnazija.lt\/gim2\/wp-json\/wp\/v2\/pages\/39\/revisions\/70"}],"wp:attachment":[{"href":"http:\/\/www.gimnazistai.jggimnazija.lt\/gim2\/wp-json\/wp\/v2\/media?parent=39"}],"curies":[{"name":"wp","href":"https:\/\/api.w.org\/{rel}","templated":true}]}}